{"id":44,"date":"2017-06-20T08:19:23","date_gmt":"2017-06-20T08:19:23","guid":{"rendered":"http:\/\/blog.pimp-my-caravan.eu\/?page_id=44"},"modified":"2017-12-29T12:10:19","modified_gmt":"2017-12-29T12:10:19","slug":"download","status":"publish","type":"page","link":"http:\/\/blog.pimp-my-caravan.eu\/?page_id=44","title":{"rendered":"Download"},"content":{"rendered":"<p>Da wir es ganz sch\u00f6n finden, wenn man seinen eigenen Reisebegleiter\/ Reisetagebuch hat, haben wir f\u00fcr euch etwas vorbereitet, was wir euch kostenlos zur Verf\u00fcgung stellen m\u00f6chten.<\/p>\n<p>Hier werden immer wieder mal neu Sachen zu kommen \ud83d\ude09<\/p>\n<p><a href=\"http:\/\/blog.pimp-my-caravan.eu\/wp-content\/uploads\/2017\/06\/Reiseordner-Deckblatt.pdf\">Reisetagebuchdeckblatt<\/a><\/p>\n<p><a href=\"http:\/\/blog.pimp-my-caravan.eu\/wp-content\/uploads\/2017\/07\/Inhaltsverzeichnis-Reiseordner.pdf\">Inhaltsverzeichnis<\/a><\/p>\n<p><a href=\"http:\/\/blog.pimp-my-caravan.eu\/wp-content\/uploads\/2017\/06\/Packliste.pdf\">Packliste<\/a><\/p>\n<p><a href=\"http:\/\/blog.pimp-my-caravan.eu\/wp-content\/uploads\/2017\/07\/Checkliste-zum-Wohnwagenkauf.pdf\">Checkliste Wohnwagenkauf<\/a><\/p>\n<p><a href=\"http:\/\/blog.pimp-my-caravan.eu\/wp-content\/uploads\/2017\/07\/Bewertungsbogen-Campingplatz-1.pdf\">Campingplatzbewertung \u00a0 \u00a0 <\/a><\/p>\n<p><a href=\"http:\/\/blog.pimp-my-caravan.eu\/wp-content\/uploads\/2017\/06\/Reisetagebuch-wei\u00df.pdf\">Reisetagebuch wei\u00df <\/a><\/p>\n<p><a href=\"http:\/\/blog.pimp-my-caravan.eu\/wp-content\/uploads\/2017\/06\/Reisetagebuch-.pdf\">Reisetagebuch<\/a><\/p>\n<p><a href=\"http:\/\/blog.pimp-my-caravan.eu\/wp-content\/uploads\/2017\/06\/Reisetagebuch-t\u00fcrkis.pdf\">Reisetagebuch t\u00fcrkis<\/a><\/p>\n<p><a href=\"http:\/\/blog.pimp-my-caravan.eu\/wp-content\/uploads\/2017\/06\/Reisetagebuch-grau.pdf\">Reisetagebuch-grau<\/a><\/p>\n<p><a href=\"http:\/\/blog.pimp-my-caravan.eu\/wp-content\/uploads\/2017\/12\/Urlaubsbudget.pdf\">Urlaubsbudget<\/a><\/p>\n","protected":false},"excerpt":{"rendered":"<p>Da wir es ganz sch\u00f6n finden, wenn man seinen eigenen Reisebegleiter\/ Reisetagebuch hat, haben wir f\u00fcr euch etwas vorbereitet, was wir euch kostenlos zur Verf\u00fcgung stellen m\u00f6chten. Hier werden immer wieder mal neu Sachen zu kommen \ud83d\ude09 Reisetagebuchdeckblatt Inhaltsverzeichnis Packliste Checkliste Wohnwagenkauf Campingplatzbewertung \u00a0 \u00a0 Reisetagebuch wei\u00df Reisetagebuch Reisetagebuch t\u00fcrkis Reisetagebuch-grau Urlaubsbudget<\/p>\n","protected":false},"author":1,"featured_media":0,"parent":0,"menu_order":0,"comment_status":"closed","ping_status":"closed","template":"","meta":{"jetpack_post_was_ever_published":false,"footnotes":""},"jetpack_sharing_enabled":true,"jetpack_shortlink":"https:\/\/wp.me\/P8RcQj-I","_links":{"self":[{"href":"http:\/\/blog.pimp-my-caravan.eu\/index.php?rest_route=\/wp\/v2\/pages\/44"}],"collection":[{"href":"http:\/\/blog.pimp-my-caravan.eu\/index.php?rest_route=\/wp\/v2\/pages"}],"about":[{"href":"http:\/\/blog.pimp-my-caravan.eu\/index.php?rest_route=\/wp\/v2\/types\/page"}],"author":[{"embeddable":true,"href":"http:\/\/blog.pimp-my-caravan.eu\/index.php?rest_route=\/wp\/v2\/users\/1"}],"replies":[{"embeddable":true,"href":"http:\/\/blog.pimp-my-caravan.eu\/index.php?rest_route=%2Fwp%2Fv2%2Fcomments&post=44"}],"version-history":[{"count":18,"href":"http:\/\/blog.pimp-my-caravan.eu\/index.php?rest_route=\/wp\/v2\/pages\/44\/revisions"}],"predecessor-version":[{"id":951,"href":"http:\/\/blog.pimp-my-caravan.eu\/index.php?rest_route=\/wp\/v2\/pages\/44\/revisions\/951"}],"wp:attachment":[{"href":"http:\/\/blog.pimp-my-caravan.eu\/index.php?rest_route=%2Fwp%2Fv2%2Fmedia&parent=44"}],"curies":[{"name":"wp","href":"https:\/\/api.w.org\/{rel}","templated":true}]}}